*h(y) + 5*o(y). What is the tens digit of l(-6)?
1
Suppose 5*h = -5*c + 3*c + 14, -5*c = 5*h - 65. What is the units digit of c?
7
What is the units digit of 14*1*-4*2/(-4)?
8
Let i = 26 + 131. What is the hundreds digit of i?
1
Suppose c + 211 = 3*d - 0*c, -3*d + 5*c = -203. What is the tens digit of d?
7
What is the units digit of (12/(-14))/((-7)/392)?
8
Let k = -116 - -162. What is the tens digit of k*(-3)/(-18)*3?
2
Suppose -2*v = 4*j - 18, -3*v + 2 + 7 = 0. Suppose -3*s + 51 = 3. Suppose -j*o = -5 - s. What is the units digit of o?
7
Suppose 5*w = 2*h + h + 210, h + 220 = 5*w. What is the tens digit of w?
4
Let g(q) = q**3 - 5*q**2 - 6*q + 4. Let t be g(6). Suppose 5*f - 3*v - 76 = 0, -2*f + t*f - 22 = -3*v. What is the units digit of f?
4
Let o be 1/4 - (-3)/(-12). Suppose z - 23 + 7 = o. What is the units digit of z?
6
Let i(y) = y - 1. Let x be (-9)/(-6)*16/6. Let v be i(x). Suppose 0 = -5*q + 4*p + 28, q + v*q - 4*p - 20 = 0. What is the units digit of q?
8
Suppose 4*n = -95 + 259. What is the units digit of n?
1
Let x be ((-4)/(-3))/((-1)/63). What is the tens digit of (-20)/8*x/10?
2
Let z(w) = 4 + 2*w**2 - 3*w - 5 - 2*w + 3. What is the tens digit of z(5)?
2
Let o = 7 + -4. Let d = o + -1. Let q = 6 - d. What is the units digit of q?
4
Suppose p - 11 = -4*k + 2, -3*k + 26 = 2*p. Let l = p - 1. What is the tens digit of l?
1
What is the units digit of 1*-3 + (37 - -4 - 3)?
5
Suppose -q = -3*z - 8, 4*q + 3*z = 6*q - 10. What is the tens digit of (q - 3)*6*-5?
3
Suppose -2*h + k + 3 = -3, -4 = k. What is the units digit of h?
1
Let m(d) = -d**3 + d**2 + d - 1. Let u be m(1). Let z = u - -2. Suppose w = 3*p + 10 + 12, z*w - 17 = -3*p. What is the tens digit of w?
1
Suppose 4*s - 3*y = 52, -5*s + 0*y = -y - 65. What is the tens digit of s?
1
Let n(k) = k**2 - 5*k + 2. Let q be n(5). Suppose -5*g + 32 = t, 3*g - g - 72 = -q*t. What is the units digit of t?
7
Suppose 2*t = 2*j - 1 + 11, 0 = 3*j + 5*t - 25. Suppose j = 3*h - 2*h - 28. What is the tens digit of h?
2
Suppose -2*n - 1 = -9. Suppose n*i + 10 = -2*s + 26, -5*i - 15 = -s. What is the tens digit of s?
1
Let q(h) = -9*h**2 + h. Let v be q(1). Let t be v/3*(-36)/(-16). Let w = 9 + t. What is the units digit of w?
3
Let n = 73 + -50. What is the units digit of n?
3
Let g(k) = k**2 - 7*k + 4. What is the units digit of g(15)?
4
Let p = 2 + 0. Suppose 5*h - 30 = 2*t, -p*h = -3*h + 4*t - 12. What is the units digit of h?
8
Let b = 107 - 37. What is the units digit of b?
0
Let b be 8/12 - 358/(-3). Suppose 6*s - s - b = 0. What is the tens digit of s?
2
Let j be -3 - (2 - 7) - -3. Let f = 28 - 5. Suppose j*c = -3 + f. What is the units digit of c?
4
Suppose 0 = 3*n + 4*l - 181, 2*l - 121 = -2*n - l. What is the units digit of n?
9
Let h(o) = 2*o - 2. Let d be h(2). Let f be 2 + (-3 - (d - -6)). What is the tens digit of 8 + f + (-30)/(-2)?
1
Let l be 10/(-15) + 20/3. What is the tens digit of 198/(-27)*l/(-4)?
1
Let p be 141/27 - 2/9. Suppose -p*b = -7*b + 72. What is the units digit of b?
6
What is the tens digit of 3 + -8 - (0 + -46)?
4
Let u(s) be the first derivative of -6*s**2 - 8. What is the tens digit of u(-3)?
3
Suppose 2*a - 3*a + 1 = 0. Let k(t) = -5*t - 5. Let j(n) = -3*n - 3. Let w(r) = -7*j(r) + 4*k(r). What is the units digit of w(a)?
2
Let t = -30 + 98. What is the units digit of t?
8
Suppose 0 = -4*r - 3 + 11. Suppose 2 = -r*h - 4. Let j(y) = -3*y - 3. What is the units digit of j(h)?
6
Let q be (98/(-35))/(2/(-5)). Let a(y) = -y**3 + 7*y**2 - y + 9. What is the units digit of a(q)?
2
Suppose 2*z + 580 = 6*z. What is the units digit of z?
5
Let g = -92 + 104. What is the units digit of g?
2
Suppose -3*b = -1 - 8. Suppose -8*s = -b*s. Suppose -m = -s - 5. What is the units digit of m?
5
Suppose 6 = k - 2. Let x be (4 + -7)/((-6)/k). Suppose x*d = 3*d + 10. What is the tens digit of d?
1
Let y = 3 + -2. Let v be (-1 + y + 1)*-37. What is the tens digit of v/(-3) + 1/(-3)?
1
Let l = 65 - 11. What is the tens digit of l?
5
Suppose -9 = 4*a - 13*a. What is the units digit of a?
1
Let c be (-8)/(-12)*(-9)/(-2). Suppose 3*x + 3 = 5*u, -13 = -2*x + x - c*u. Suppose -x*f - 17 + 73 = 0. What is the units digit of f?
4
Suppose -2*m = -v + 47, -4*m + 0*v = -v + 93. Let r = -3 - m. What is the tens digit of r?
2
Suppose 0 = 2*v + 2*v - 80. What is the tens digit of 36*(v/(-16) + 2)?
2
Let l(m) = -m**3 - 7*m**2 + 9*m + 9. Let h(v) = -v + 4. Let j be h(4). Suppose j = -0*a + a + 5*n - 12, n + 36 = -5*a. What is the units digit of l(a)?
1
Suppose 1 = -5*m + 6. Suppose -4*t - 4 = 2*c, c + 4*t + m + 1 = 0. What is the units digit of ((-1)/c)/((-1)/(-6))?
3
Suppose -3221 = -21*a + 1021. What is the hundreds digit of a?
2
Suppose -2 = -3*z + 2*z - 2*b, 3*b = -4*z + 18. What is the units digit of z?
6
Let q(m) = -3*m + 1. Let b(x) = 2*x + 1. Let k be b(-2). Let s be q(k). Suppose u + u = s. What is the units digit of u?
5
Let y be (2/1)/((-3)/(-6)). Suppose -2*d + v = 3*d - 21, 8 = d - y*v. What is the units digit of d?
4
Let a be (-5)/(-2) + (-5)/10. Let b be a - (4/2 + -5). Suppose -6 = -b*m + 4. What is the units digit of m?
2
Suppose 4 = -t + 24. What is the units digit of t?
0
Suppose 0*a + 2*a = -4. Let s be 18/4 - a/4. Suppose 51 + s = 4*h. What is the units digit of h?
4
Let p(i) = 4*i + 2. Let n be p(2). Let b = n - 5. Let w = 12 - b. What is the units digit of w?
7
Let r be 2*(3 - 21/(-2)). Suppose -w + 3*w + t = 54, w = 2*t + r. What is the units digit of w?
7
Suppose -2*i = 2*i. Suppose i*z = 2*z. Suppose 2*d + 2*a - 13 = a, z = 2*a - 6. What is the units digit of d?
5
Let y = 3 + 16. Let j = y + -15. What is the units digit of j?
4
Suppose 11 + 35 = -2*u. Let n = 42 + u. What is the tens digit of n?
1
Let b(t) = -t**2 - t + 1. Let j be b(-4). Let c = -8 - j. What is the units digit of c?
3
Let a(h) = -7*h - 33. What is the tens digit of a(-16)?
7
Let f(v) = -2*v + 3. Let s be f(-3). Let n = -7 + s. Suppose 3*b = -2*c - n, 0 = b - 3*c - 14. What is the units digit of b?
2
Suppose 0 = p - 4, 3*p = 3*l + 2*p - 5. Suppose u = -l*u + 52. Suppose -t = g - 3*t - 14, -g = -t - u. What is the units digit of g?
2
Let x = 5 + 19. What is the tens digit of x?
2
Let c be 9/7 - 2/7. Let o(q) = 13*q**2 + q. What is the units digit of o(c)?
4
Let o(t) be the second derivative of -t**3/3 - 6*t**2 + 5*t. What is the units digit of o(-8)?
4
Suppose -4*r = -2*r + 2*t - 6, 0 = -3*r + 5*t + 17. Let f = -2 + r. What is the units digit of f?
2
Let j be 2/6 + (-5)/(-3). Suppose h - n - 7 = 0, 4 = j*n + 14. Suppose h*b + 0*b = 4. What is the units digit of b?
2
Let w(g) be the first derivative of g**4/4 + 8*g**3/3 + 7*g**2/2 + 5*g - 1. Let u be w(-7). Suppose s - u*s + 20 = 0. What is the units digit of s?
5
Let f(l) = -1 + 2 - 4 + 62*l**2 - 2*l - 60*l**2. What is the units digit of f(-2)?
9
Suppose -5*v + 3 = -32. What is the units digit of (-92)/(-28) - 2/v?
3
Let q be 119/28 - (-1)/(-4). Suppose -4*d + 2*d - 4*t = -q, d - 2*t = 18. Let j = d + -2. What is the units digit of j?
8
Let q(p) = -2*p - 2. Let w be q(-2). Let f = w - -10. Suppose 4*a - 3*a - f = 0. What is the units digit of a?
2
Let n = -27 + 41. What is the units digit of 184/7 + (-4)/n?
6
Let r = -16 - -10. Let q be ((-3)/9)/((-2)/r). What is the units digit of q - -1 - (-2 + -3)?
5
Let a be (-48)/(-20) - (-4)/(-10). Let b be 3/a*(-140)/(-15). Let o = 27 - b. What is the units digit of o?
3
Let g(z) = -z + 4. Let o be g(-3). What is the units digit of 600/14 - o/(-49)?
3
Let u(w) = -1 + 5*w + 0*w - w. Let q be u(1). Suppose q = s - 5. What is the units digit of s?
8
Suppose -5*z + 110 = -35. What is the tens digit of z?
2
Let o(m) = -m**2. Let b(y) = -9*y**2 - 3*y - 2. Let x(z) = -b(z) + 6*o(z). What is the units digit of x(-2)?
8
Let u(x) = 1 + 3*x + 1 + 3 + 0*x. What is the tens digit of u(10)?
3
Suppose -2*s + 0*s - 6 = 0. Let z(l) = 6*l**2 + 5*l + 2. What is the tens digit of z(s)?
4
Let n(x) = -1. Let u(m) = 4*m + 2. Let s(o) = 3*n(o) - u(o). What is the tens digit of s(-6)?
1
Let n = -33 + 52. Suppose -2*q = -3*m + 21, -5*m + 2*q = -n - 16. What is the units digit of m?
7
Let n = 13 + 14. What is the tens digit of n?
2
Let j(p) = -p**3 + 30*p**2 + 38*p + 22. What is the tens digit of j(31)?
3
Let f(z) = z**2 - 11*z + 3. Let w